t is the tens digit of 22?
2
What is the thousands digit of 1218?
1
What is the tens digit of 45700?
0
What is the tens digit of 958?
5
What is the tens digit of 476?
7
What is the ten thousands digit of 12476?
1
What is the tens digit of 5731?
3
What is the tens digit of 305?
0
What is the ten thousands digit of 32710?
3
What is the hundreds digit of 26272?
2
What is the hundreds digit of 3446?
4
What is the units digit of 51?
1
What is the ten thousands digit of 45989?
4
What is the ten thousands digit of 10592?
1
What is the thousands digit of 115733?
5
What is the tens digit of 3918?
1
What is the units digit of 1248?
8
What is the ten thousands digit of 37447?
3
What is the hundreds digit of 129080?
0
What is the thousands digit of 7764?
7
What is the hundreds digit of 80080?
0
What is the ten thousands digit of 68683?
6
What is the hundreds digit of 8381?
3
What is the thousands digit of 4825?
4
What is the tens digit of 1343?
4
What is the thousands digit of 6193?
6
What is the hundreds digit of 1599?
5
What is the units digit of 23744?
4
What is the thousands digit of 3236?
3
What is the thousands digit of 3524?
3
What is the thousands digit of 7626?
7
What is the tens digit of 17077?
7
What is the hundreds digit of 93322?
3
What is the units digit of 2924?
4
What is the tens digit of 4811?
1
What is the thousands digit of 25502?
5
What is the ten thousands digit of 19902?
1
What is the hundreds digit of 1211?
2
What is the hundreds digit of 1064?
0
What is the hundreds digit of 618?
6
What is the hundreds digit of 913?
9
What is the units digit of 21917?
7
What is the tens digit of 15?
1
What is the hundreds digit of 1902?
9
What is the thousands digit of 22438?
2
What is the hundreds digit of 2268?
2
What is the thousands digit of 1400?
1
What is the thousands digit of 53692?
3
What is the hundreds digit of 231?
2
What is the thousands digit of 5114?
5
What is the units digit of 3660?
0
What is the hundreds digit of 8436?
4
What is the hundreds digit of 13159?
1
What is the units digit of 37034?
4
What is the hundreds digit of 466?
4
What is the units digit of 4821?
1
What is the units digit of 27294?
4
What is the ten thousands digit of 18917?
1
What is the tens digit of 4688?
8
What is the ten thousands digit of 20271?
2
What is the ten thousands digit of 26394?
2
What is the hundreds digit of 301?
3
What is the thousands digit of 1377?
1
What is the hundreds digit of 754?
7
What is the units digit of 34935?
5
What is the tens digit of 1956?
5
What is the hundreds digit of 1826?
8
What is the hundreds digit of 488?
4
What is the hundreds digit of 6116?
1
What is the hundreds digit of 2048?
0
What is the units digit of 48?
8
What is the units digit of 4974?
4
What is the thousands digit of 17219?
7
What is the thousands digit of 4762?
4
What is the units digit of 1009?
9
What is the units digit of 4211?
1
What is the hundreds digit of 98864?
8
What is the hundreds digit of 6959?
9
What is the thousands digit of 1752?
1
What is the units digit of 12050?
0
What is the hundreds digit of 998?
9
What is the hundreds digit of 9721?
7
What is the units digit of 31302?
2
What is the hundreds digit of 119?
1
What is the hundreds digit of 1517?
5
What is the thousands digit of 5249?
5
What is the units digit of 70283?
3
What is the thousands digit of 11118?
1
What is the hundreds digit of 1950?
9
What is the units digit of 41370?
0
What is the ten thousands digit of 17827?
1
What is the units digit of 28713?
3
What is the hundreds digit of 32911?
9
What is the tens digit of 46943?
4
What is the tens digit of 3278?
7
What is the ten thousands digit of 36583?
3
What is the thousands digit of 14654?
4
What is the tens digit of 3659?
5
What is the thousands digit of 1602?
1
What is the units digit of 2394?
4
What is the thousands digit of 2845?
2
What is the units digit of 5440?
0
What is the units digit of 1083?
3
What is the hundreds digit of 3172?
1
What is the thousands digit of 2043?
2
What is the tens digit of 780?
8
What is the hundreds digit of 13612?
6
What is the hundreds digit of 2888?
8
What is the hundreds digit of 160?
1
What is the ten thousands digit of 14017?
1
What is the thousands digit of 37720?
7
What is the thousands digit of 9358?
9
What is the units digit of 432?
2
What is the hundreds digit of 49945?
9
What is the hundreds digit of 1328?
3
What is the hundreds digit of 29489?
4
What is the hundreds digit of 86667?
6
What is the tens digit of 4752?
5
What is the units digit of 872?
2
What is the units digit of 10649?
9
What is the thousands digit of 1287?
1
What is the tens digit of 2478?
7
What is the tens digit of 74210?
1
What is the hundreds digit of 1915?
9
What is the units digit of 2234?
4
What is the hundreds digit of 1795?
7
What is the tens digit of 6819?
1
What is the ten thousands digit of 81368?
8
What is the tens digit of 686?
8
What is the hundreds digit of 15948?
9
What is the units digit of 2719?
9
What is the tens digit of 79176?
7
What is the thousands digit of 2607?
2
What is the thousands digit of 37366?
7
What is the units digit of 62711?
1
What is the thousands digit of 1044?
1
What is the units digit of 7077?
7
What is the units digit of 23388?
8
What is the hundreds digit of 7142?
1
What is the units digit of 28328?
8
What is the units digit of 47783?
3
What is the tens digit of 3695?
9
What is the tens digit of 4463?
6
What is the units digit of 1550?
0
What is the units digit of 5?
5
What is the thousands digit of 4158?
4
What is the hundreds digit of 7647?
6
What is the hundreds digit of 2945?
9
What is the units digit of 33215?
5
What is the hundreds digit of 8865?
8
What is the hundreds digit of 13121?
1
What is the hundreds digit of 52624?
6
What is the units digit of 6666?
6
What is the tens digit of 773?
7
What is the thousands digit of 3929?
3
What is the units digit of 706?
6
What is the tens digit of 533?
3
What is the thousands digit of 76156?
6
What is the thousands digit of 2657?
2
What is the hundreds digit of 485?
4
What is the ten thousands digit of 17385?
1
What is the tens digit of 933?
3
What is the hundreds digit of 1650?
6
What is the units digit of 1613?
3
What is the tens digit of 77?
7
What is the hundreds digit of 5161?
1
What is the tens digit of 9760?
6
What is the thousands digit of 17619?
7
What is the thousands digit of 2345?
2
What is the thousands digit of 98664?
8
What is the tens digit of 895?
9
What is the thousands digit of 1235?
1
What is the tens digit of 41611?
1
What is the thousands digit of 14387?
4
What is the tens digit of 154?
5
What is the units digit of 25167?
7
What is the thousands digit of 7193?
7
What is the units digit of 3237?
7
What is the hundreds digit of 1883?
8
What is the thousands digit of 1257?
1
What is the thousands digit of 31052?
1
What is the hundreds digit of 3089?
0
What is the thousands digit of 1954?
1
What is the hundreds digit of 1871?
8
What is the hundreds digit of 536?
5
What is the tens digit of 958?
5
What is the thousands digit of 8010?
8
What is the tens digit of 7026?
2
What is the hundreds digit of 88905?
9
What is the hundreds digit of 19341?
3
What is the hundreds digit of 40376?
3
What is the hundreds digit of 41152?
1
What is the tens digit of 514?
1
What is the thousands digit of 9458?
9
What is the units digit of 2951?
1
What is the thousands digit of 1914?
1
What is the tens digit of 3205?
0
What is the units digit of 21354?
4
What is the ten thousands digit of 13109?
1
What is the thousands digit of 8015?
8
What is the ten thousands digit of 15453?
1
What is the units digit of 15575?
5
What is the thousands digit of 20437?
0
What is the hundreds digit of 5631?
6
What is the tens digit of 887?
8
What is the tens digit of 942?
4
What is the thousands digit of 3749?
3
What is the units digit of 5463?
3
What is the units digit of 5390?
0
What is the units digit of 699?
9
What is the ten thousands digit of 26342?
2
What is the hundreds digit of 33100?
1
What is the units digit of 1767?
7
What is the tens digit of 4059?
5
What is the tens digit of 13830?
3
What is the tens digit of 220?
2
What is the hundreds digit of 10532?
5
What is the units digit of 18?
8
What is the tens digit of 3057?
5
What is the units 